 65*z + 18. Let m be q(-15). What is the highest common divisor of 155 and m?
31
Let a be 690/(6/2) + (-11 - -17). Calculate the highest common divisor of a and 413.
59
Suppose -30*z - 4*a - 48 = -32*z, 0 = -5*z - 2*a + 120. What is the highest common factor of 384 and z?
24
Let t be (-6)/9*(-195)/2. Suppose -145 = 4*j - w + 18, 0 = -5*j - 3*w - 191. Let v be (78/(-8))/(15/j). What is the greatest common divisor of t and v?
13
Let x = 4 + -3. Let o = 112 - 107. Let y be x/o - (-2632)/40. Calculate the highest common factor of y and 33.
33
Suppose 2698 + 942 = 26*w. What is the greatest common divisor of 35 and w?
35
Suppose 5*y - 2*a - 554 = 0, -4*y + 4*a + 567 = 119. What is the greatest common factor of 44 and y?
22
Suppose -37237 = -50*b + 106863. Calculate the highest common divisor of 22 and b.
22
Let p be (16 - 2)*(-34)/(-4). Let x be (-1023)/(-12) + 2/(-8). Suppose 2*w - 21 = -5*s + 64, 5*s - 5*w = x. Calculate the highest common factor of s and p.
17
Let y be 5 + (1/9 - (-31986)/81). Calculate the highest common divisor of y and 16.
16
Let y be (-3)/2*1*-2. Suppose -f + 4*d + 0*d + 33 = 0, y*f - 67 = -4*d. What is the greatest common divisor of f and 150?
25
Let k = 15 - -15. Let t = k - 18. Let r(f) = 5*f**2 + 4*f - 4. Let h be r(-4). Calculate the highest common factor of h and t.
12
Let z(s) = 2*s - 5. Let c be z(4). Suppose -2*b - 132 = -c*b. Calculate the greatest common divisor of 12 and b.
12
Let g be 0/(-2*1/2). Suppose g = -8*i + 3*i, -3*i = -2*t + 210. Let n = t + -17. Calculate the greatest common factor of n and 8.
8
Suppose u + 4*u = -2*h + 392, -3*u + 4*h + 230 = 0. Suppose 2*a - u = 3*q, -5*a = -2*q - 305 + 99. Calculate the greatest common factor of 28 and a.
14
Let a(n) = 2*n**2 + 1. Let p(i) = -i - 16. Let v be p(-13). Let r be a(v). Let c = r - 11. What is the highest common divisor of 2 and c?
2
Let m be (-9)/(-60)*-5 + (-777)/(-12). Calculate the highest common divisor of m and 40.
8
Let p(w) = -w**2 + 30*w + 168. Let b be p(14). Let s be (-8)/20 - (-494)/10. What is the greatest common factor of b and s?
49
Let f be (4/3)/((-1)/36). Suppose 345*d - 355*d = -680. Let p = f + d. What is the greatest common divisor of p and 20?
20
Let u = 48 - 45. Suppose -f + 4*m = -u*f + 24, 36 = 3*f - m. Calculate the highest common divisor of 6 and f.
6
Let r = -50 + 116. Let l = 2196 + -2190. What is the greatest common factor of r and l?
6
Let l = 1648 + -681. Let j be 2/8 - -2*l/8. What is the greatest common factor of j and 22?
22
Let w = -20 + 17. Let v be 16/(-1)*(2 + w + 0). Let x = 1 + 1. Calculate the highest common factor of v and x.
2
Let u(i) = 6*i**2 - 2*i. Let a be u(2). Let s(q) = 116*q - 1246. Let m be s(11). What is the highest common divisor of m and a?
10
Let g be 5066/(-85) - 4/10. Let o = 145 + g. Suppose 3*i = -2*c + 50, 2*i - c = -2*i + o. What is the highest common divisor of i and 5?
5
Let g(b) = -b**3 + 3*b**2 + 5*b - 2. Let q be g(-4). Let t = -8 - -13. Suppose -t*d = -3*d - q. Calculate the greatest common factor of 9 and d.
9
Let h(j) = -j**3 - 2*j**2 + 2*j + 21. Let c be h(-3). Calculate the highest common factor of 488 and c.
8
Let w(t) = -t**2 + 28*t - 35. Let b be w(24). Calculate the highest common divisor of b and 122.
61
Let j(h) = -11*h - 28. Let d be j(-4). What is the highest common divisor of d and 88?
8
Suppose 4*d + d = 3*f + 47, -71 = 4*f - 5*d. Suppose -t - 16 = -2*v - 2*v, -2*t + 3*v - 17 = 0. Let b = t - f. What is the greatest common divisor of 10 and b?
10
Let z(p) = -p**3 + 25*p**2 - 7*p - 88. Let r be z(21). Calculate the greatest common factor of 11 and r.
11
Let p be 8/(((-14)/2)/(-266)). Calculate the highest common factor of 38 and p.
38
Suppose 0 = 3*r - 1 - 17. Let b be (-1 + 4)/(r/368). Calculate the highest common factor of 8 and b.
8
Let q(v) = v**2 + 14*v + 36. Let r be q(-12). What is the highest common factor of r and 54?
6
Let v(q) be the first derivative of 19*q**2/2 - 25*q + 16. Let k be v(7). Calculate the highest common divisor of k and 27.
27
Let w(h) = -26*h + 401. Let l be w(15). What is the greatest common factor of l and 132?
11
Suppose 2*c = 1947 - 703. Suppose -52 = -5*x - c. Let w = x - -179. What is the highest common factor of w and 13?
13
Suppose -72*c - 10*c + 4674 = 0. What is the greatest common factor of c and 627?
57
Let f = 43 + -48. Let g(z) = -2*z**3 - 4*z**2 - 2*z + 12. Let h be g(f). Calculate the greatest common divisor of h and 43.
43
Let n(b) = 2*b + 17. Let r(x) = 6*x - 5*x - 26 - 4*x. Let o(g) = -7*n(g) - 5*r(g). Let q be o(-9). Calculate the highest common factor of q and 18.
2
Suppose 5*i - 3*m = 2*m + 60, i = -3*m. Let u be (-2)/i + (-87)/(-27). Let f be 1 - (-5 + (-6)/u). Calculate the greatest common divisor of 8 and f.
8
Suppose 6*r - 2*r = 120. Calculate the greatest common divisor of 375 and r.
15
Let n(z) = -26*z - 17. Let s be n(-2). Calculate the greatest common factor of s and 280.
35
Let z(l) = -l**2 - 34*l - 109. Let x be z(-30). Calculate the greatest common factor of 352 and x.
11
Let t(x) = 219*x - 1. Let u be t(-1). Let z be (-4)/(-14) + u/(-14). Suppose 4*b - 16 = -2*o, o + 3*b + 14 = 6*o. What is the greatest common factor of z and o?
4
Let q(n) = n**2 + 16*n + 78. Let b be q(-13). Calculate the greatest common factor of b and 117.
39
Suppose 17*z - 1801 = -441. Calculate the highest common factor of 10 and z.
10
Suppose -5*b - 75 = 5*n, 2*b = n + 2*n + 20. Let w be (-66)/165 - (2 + 34/n). What is the greatest common divisor of w and 10?
1
Suppose 0 = 5*f - 2*i - 4, 3*f - 8 = 2*i + 2*i. Let t be (0 - -3)*(f - -1). Let w = 0 + t. What is the greatest common divisor of 33 and w?
3
Suppose 0 = 5*h + c - 50, -5*h + 58 = -2*c + 8. Calculate the greatest common factor of 2 and h.
2
Let b(n) = -46*n - 530. Let j be b(-24). Calculate the greatest common divisor of j and 246.
82
Let p(c) = 2*c**3 - 2*c**2 - 1. Let k be p(2). Suppose k*s = 2*s + 50. What is the greatest common divisor of s and 5?
5
Let t = -484 + 544. Calculate the greatest common factor of t and 510.
30
Let b be 3/(-12) - (-81)/(-12). Let l = -2 - b. Suppose l*s - 53 = -h, -s - 5*h = 3*s - 34. What is the highest common divisor of 99 and s?
11
Let n be 924/(-385)*(1 + -26). What is the highest common divisor of 80 and n?
20
Let l be (-1)/4 + (-1694)/(-88). Let h = -37 + l. Let q be (-1788)/h - 1/3. Calculate the highest common factor of 9 and q.
9
Let t(k) = -k**3 - 2*k**2 + k. Let a be t(-2). Let u(z) = -6*z**2 + 6*z**2 + 2 - z**3. Let g be u(a). What is the highest common factor of 80 and g?
10
Suppose -5*p + p + 12 = 2*s, 0 = -s + 4*p. Suppose -y + 6 = s. Calculate the greatest common divisor of y and 8.
2
Let b(q) = q**3 - 57*q**2 - 61*q + 230. Let t be b(58). What is the highest common divisor of t and 350?
14
Suppose -4*o - 15 = o. Let d(w) = 0 - 830*w - 2 + 824*w. Let i be d(o). Calculate the highest common factor of i and 48.
16
Suppose -30 = -5*m + 10. Let b(k) = -k**3 + 9*k**2 - 7*k + 2. Let c be b(m). Suppose -6*t - 560 = -c*t. What is the highest common divisor of 28 and t?
28
Suppose -4 = 5*h - 9, -h = -d + 147. Calculate the highest common divisor of d and 37.
37
Let l = -231 - -305. Let k(b) = -45*b + 5. Let n be k(-4). What is the highest common divisor of n and l?
37
Suppose 6*f - 8 = -8. Let b(d) = 6*d + 234. Let u be b(f). What is the highest common divisor of u and 26?
26
Let i be 6 - (22464/(-450) + 6/(-75)). Calculate the greatest common divisor of i and 96.
8
Suppose 0 = 2*g - 3*o - 2310, -3*o + 1144 = g + o. What is the greatest common divisor of g and 8?
8
Let t(a) be the third derivative of -a**6/120 + a**5/6 - a**4/24 + 11*a**3/3 + 6*a**2. Let s be t(10). Calculate the greatest common divisor of 48 and s.
12
Let s = -13 - -19. Let c be (-5)/(-1 - (-4)/s). Let l = 12 - -63. What is the greatest common factor of c and l?
15
Let t(x) = -x**3 + 5*x**2. Let g be t(5). Suppose 0 = -g*i - 2*i + 12. Suppose 4*d = i*d - 12. What is the highest common factor of d and 18?
6
Let s(h) = -5*h - 12. Let j be s(-6). Suppose 0 = 4*x + 76 - 84. What is the highest common divisor of j and x?
2
Suppose 22 = -2*i - 0. Let w = 14 + i. Suppose -4*y - 27 = -d, -w*y + 27 = d - 4*y. Calculate the greatest common factor of 243 and d.
27
Suppose 7*l - 2*l +